the prime factors of 64607521.
11, 241, 24371
What are the prime factors of 4992?
2, 3, 13
List the prime factors of 242778363.
3, 23, 73, 157, 307
What are the prime factors of 3751148025?
3, 5, 31, 641, 839
What are the prime factors of 457734767?
7, 65390681
List the prime factors of 948972431.
11, 4157, 20753
List the prime factors of 29061105.
3, 5, 31, 62497
What are the prime factors of 17568266?
2, 37, 237409
List the prime factors of 73979337.
3, 24659779
List the prime factors of 45206830.
2, 5, 199, 22717
What are the prime factors of 4982754649?
73, 1021, 66853
What are the prime factors of 179486353?
179486353
List the prime factors of 1885964795.
5, 11, 13, 19, 59, 181
What are the prime factors of 406795937?
179, 2272603
What are the prime factors of 86842962?
2, 3, 79, 20357
What are the prime factors of 405582156?
2, 3, 7, 83, 19391
List the prime factors of 7761569.
1373, 5653
What are the prime factors of 322069870?
2, 5, 53, 227, 2677
What are the prime factors of 54151160?
2, 5, 7, 41, 53, 89
What are the prime factors of 122810603?
11071, 11093
List the prime factors of 28285400.
2, 5, 11, 13, 23, 43
List the prime factors of 1977128453.
1977128453
List the prime factors of 15322430.
2, 5, 1532243
What are the prime factors of 330308768?
2, 19, 37, 14683
List the prime factors of 1993620962.
2, 996810481
List the prime factors of 3586370415.
3, 5, 239091361
List the prime factors of 2616198500.
2, 5, 31, 61, 2767
What are the prime factors of 762587559?
3, 84731951
List the prime factors of 44593533.
3, 17, 223, 1307
List the prime factors of 119663859.
3, 7, 59, 96581
What are the prime factors of 3612225739?
17, 23, 67, 8111
List the prime factors of 19621907.
683, 28729
List the prime factors of 1985640577.
23, 271, 318569
List the prime factors of 1295808173.
11, 117800743
List the prime factors of 518306003.
518306003
What are the prime factors of 13584027?
3, 4528009
What are the prime factors of 245668867?
1063, 231109
What are the prime factors of 5263115?
5, 11, 13, 17, 433
List the prime factors of 257175963.
3, 11, 19, 47, 2909
List the prime factors of 78912419.
17, 4641907
List the prime factors of 40483493.
113, 239, 1499
What are the prime factors of 50637680?
2, 5, 632971
What are the prime factors of 131001878?
2, 7, 47, 263, 757
List the prime factors of 100562745.
3, 5, 809, 8287
What are the prime factors of 18337317?
3, 6112439
List the prime factors of 51526780.
2, 5, 103, 25013
What are the prime factors of 2615753473?
2615753473
List the prime factors of 14377631.
17, 97, 8719
List the prime factors of 1002548705.
5, 29, 6914129
List the prime factors of 902486570.
2, 5, 31, 2911247
List the prime factors of 4021596160.
2, 5, 17, 11551
List the prime factors of 1037035344.
2, 3, 2621, 8243
What are the prime factors of 2548968441?
3, 331, 823, 3119
List the prime factors of 286782765.
3, 5, 19118851
What are the prime factors of 994028460?
2, 3, 5, 59, 227, 1237
List the prime factors of 3467545004.
2, 7, 11, 11258263
What are the prime factors of 1311751178?
2, 17, 4273, 9029
List the prime factors of 3711295900.
2, 5, 13, 2854843
List the prime factors of 5266636839.
3, 17, 773, 44531
List the prime factors of 87236986.
2, 431, 101203
What are the prime factors of 199271115?
3, 5, 4428247
List the prime factors of 1165983773.
19, 29, 2116123
What are the prime factors of 106573631?
577, 184703
List the prime factors of 41459711.
41459711
List the prime factors of 278570354.
2, 709, 196453
What are the prime factors of 441456338?
2, 1637, 134837
What are the prime factors of 2190472978?
2, 1095236489
List the prime factors of 63471255.
3, 5, 4231417
What are the prime factors of 139789159?
139789159
List the prime factors of 567249092.
2, 23, 6165751
List the prime factors of 609156029.
107, 5693047
What are the prime factors of 1015676755?
5, 203135351
What are the prime factors of 5304229?
7, 137, 5531
List the prime factors of 924395756.
2, 227, 1018057
List the prime factors of 232211003.
41, 1013, 5591
What are the prime factors of 1229370074?
2, 614685037
List the prime factors of 2834195510.
2, 5, 283419551
What are the prime factors of 242250194?
2, 397, 305101
List the prime factors of 282150342.
2, 3, 19, 825001
List the prime factors of 44689429.
44689429
List the prime factors of 1173344114.
2, 17, 743, 46447
List the prime factors of 34714903.
233, 148991
List the prime factors of 246033533.
863, 285091
List the prime factors of 165925691.
43, 3858737
List the prime factors of 355256008.
2, 1019, 43579
List the prime factors of 1181958543.
3, 131328727
What are the prime factors of 6782533335?
3, 5, 173, 871231
What are the prime factors of 343521124?
2, 29, 41, 72229
What are the prime factors of 41305173?
3, 7, 13, 71, 2131
List the prime factors of 156730186.
2, 78365093
List the prime factors of 1786851691.
17, 105108923
What are the prime factors of 987363330?
2, 3, 5, 31, 79, 89, 151
What are the prime factors of 292412272?
2, 2441, 7487
List the prime factors of 41009203.
409, 100267
What are the prime factors of 83972153?
19, 4419587
What are the prime factors of 2700407040?
2, 3, 5, 703231
What are the prime factors of 1533141153?
3, 23, 7406479
List the prime factors of 165315249.
3, 11, 185539
List the prime factors of 561447244.
2, 89, 1577099
What are the prime factors of 6420827898?
2, 3, 3823, 93307
What are the prime factors of 2607556888?
2, 89, 127, 28837
List the prime factors of 2825745231.
3, 193, 1583, 3083
List the prime factors of 150587504.
2, 173, 54403
List the prime factors of 1037932025.
5, 13, 17, 187861
List the prime factors of 1888131291.
3, 31, 3217, 6311
List the prime factors of 64116358.
2, 32058179
What are the prime factors of 66828833?
19, 811, 4337
List the prime factors of 53810372.
2, 7, 11, 17, 43, 239
List the prime factors of 94768735.
5, 317, 59791
What are the prime factors of 48525464?
2, 13, 547, 853
List the prime factors of 4404142942.
2, 29, 563, 134873
List the prime factors of 1210962396.
2, 3, 7, 29, 497111
What are the prime factors of 277662914?
2, 138831457
List the prime factors of 1068242.
2, 7, 76303
What are the prime factors of 19194049?
7, 2742007
List the prime factors of 102807754.
2, 7, 43, 170777
What are the prime factors of 1241262423?
3, 137918047
List the prime factors of 91242137.
7, 137, 95143
List the prime factors of 82706299.
13, 73, 87151
What are the prime factors of 11705203?
11705203
What are the prime factors of 33377369?
101, 330469
What are the prime factors of 147789525?
3, 5, 13, 151579
List the prime factors of 132291495.
3, 5, 7, 139991
List the prime factors of 3286695518.
2, 3613, 454843
What are the prime factors of 98741664?
2, 3, 7, 6997
List the prime factors of 309678834.
2, 3, 17, 19, 159793
What are the prime factors of 1312780898?
2, 11, 13, 467, 9829
List the prime factors of 290582774.
2, 2069, 70223
List the prime factors of 2799990952.
2, 11, 31818079
List the prime factors of 781100940.
2, 3, 5, 13018349
What are the prime factors of 164993649?
3, 2111, 26053
What are the prime factors of 679400506?
2, 233, 1457941
What are the prime factors of 6098684?
2, 1181, 1291
List the prime factors of 16147181.
89, 397, 457
What are the prime factors of 423689122?
2, 211844561
What are the prime factors of 556874667?
3, 19, 163, 19979
What are the prime factors of 251566884?
2, 3, 17, 45673
What are the prime factors of 11899902?
2, 3, 7, 293, 967
What are the prime factors of 151870160?
2, 5, 13, 47, 239
What are the prime factors of 128570659?
7, 29, 173, 523
What are the prime factors of 237935071?
11, 21630461
What are the prime factors of 2085071722?
2, 151, 641, 10771
List the prime factors of 583514315.
5, 116702863
List the prime factors of 10167355.
5, 11, 401, 461
List the prime factors of 16004527.
7, 11, 23, 1291
What are the prime factors of 37257006?
2, 3, 43, 144407
List the prime factors of 84847518.
2, 3, 7, 96199
List the prime factors of 1853261388.
2, 3, 11, 53, 88301
What are the prime factors of 60710859?
3, 11, 17, 36073
What are the prime factors of 579639823?
7, 89, 739, 1259
What are the prime factors of 22429569?
3, 887, 8429
What are the prime factors of 1136